{"id":68,"date":"2023-07-28T22:06:56","date_gmt":"2023-07-28T20:06:56","guid":{"rendered":"https:\/\/os-dlermana-brestovac.skole.hr\/?page_id=68"},"modified":"2024-03-13T11:36:18","modified_gmt":"2024-03-13T10:36:18","slug":"strucne-sluzbe","status":"publish","type":"page","link":"https:\/\/os-dlermana-brestovac.skole.hr\/?page_id=68","title":{"rendered":"Stru\u010dne slu\u017ebe"},"content":{"rendered":"<p>[et_pb_section fb_built=&#8221;1&#8243; fullwidth=&#8221;on&#8221; admin_label=&#8221;Hero&#8221; _builder_version=&#8221;4.16&#8243; background_image=&#8221;https:\/\/os-dlermana-brestovac.skole.hr\/wp-content\/uploads\/sites\/774\/2023\/11\/hdgdgh.jpg&#8221; parallax=&#8221;on&#8221; top_divider_style=&#8221;clouds2&#8243; top_divider_color=&#8221;rgba(255,255,255,0.3)&#8221; top_divider_height=&#8221;100%&#8221; bottom_divider_height=&#8221;30px&#8221; global_colors_info=&#8221;{}&#8221;][et_pb_fullwidth_header subhead=&#8221;Stru\u010dne slu\u017ebe \u0161kole&#8221; text_orientation=&#8221;center&#8221; _builder_version=&#8221;4.23.1&#8243; title_level=&#8221;h2&#8243; title_font=&#8221;Rubik|700||on|||||&#8221; title_text_color=&#8221;#ff7355&#8243; title_font_size=&#8221;16px&#8221; title_letter_spacing=&#8221;5px&#8221; title_line_height=&#8221;2em&#8221; content_font=&#8221;Rubik||||||||&#8221; content_font_size=&#8221;18px&#8221; content_line_height=&#8221;2em&#8221; subhead_font=&#8221;Rubik|700|||||||&#8221; subhead_text_color=&#8221;rgba(0,0,0,0.8)&#8221; subhead_font_size=&#8221;50px&#8221; subhead_line_height=&#8221;1.4em&#8221; background_color=&#8221;rgba(255,255,255,0)&#8221; use_background_color_gradient=&#8221;on&#8221; background_color_gradient_stops=&#8221;rgba(255,255,255,0.7) 0%|#ffffff 100%&#8221; background_color_gradient_start=&#8221;rgba(255,255,255,0.7)&#8221; background_color_gradient_end=&#8221;#ffffff&#8221; background_size=&#8221;contain&#8221; background_position=&#8221;bottom_center&#8221; custom_button_one=&#8221;on&#8221; button_one_text_size=&#8221;16px&#8221; button_one_text_color=&#8221;#ffffff&#8221; button_one_bg_color=&#8221;#ff7355&#8243; button_one_border_width=&#8221;15px&#8221; button_one_border_color=&#8221;rgba(210,159,104,0)&#8221; button_one_border_radius=&#8221;100px&#8221; button_one_letter_spacing=&#8221;0px&#8221; button_one_font=&#8221;Rubik|700|||||||&#8221; button_one_use_icon=&#8221;off&#8221; custom_button_two=&#8221;on&#8221; button_two_text_size=&#8221;16px&#8221; button_two_text_color=&#8221;#ffffff&#8221; button_two_bg_color=&#8221;rgba(0,0,0,0.6)&#8221; button_two_border_width=&#8221;15px&#8221; button_two_border_color=&#8221;rgba(210,159,104,0)&#8221; button_two_border_radius=&#8221;100px&#8221; button_two_letter_spacing=&#8221;0px&#8221; button_two_font=&#8221;Rubik|700|||||||&#8221; button_two_use_icon=&#8221;off&#8221; background_layout=&#8221;light&#8221; custom_margin=&#8221;|||&#8221; custom_padding=&#8221;1vw||0vw|||&#8221; animation_style=&#8221;slide&#8221; animation_direction=&#8221;bottom&#8221; animation_intensity_slide=&#8221;1%&#8221; subhead_font_size_tablet=&#8221;&#8221; subhead_font_size_phone=&#8221;30px&#8221; subhead_font_size_last_edited=&#8221;on|phone&#8221; button_one_border_radius_hover=&#8221;100px&#8221; button_two_border_radius_hover=&#8221;100px&#8221; button_one_bg_color_hover=&#8221;#ff8a70&#8243; button_two_bg_color_hover=&#8221;#ff8a70&#8243; global_colors_info=&#8221;{}&#8221; button_one_text_size__hover_enabled=&#8221;off&#8221; button_two_text_size__hover_enabled=&#8221;off&#8221; button_one_text_color__hover_enabled=&#8221;off&#8221; button_two_text_color__hover_enabled=&#8221;off&#8221; button_one_border_width__hover_enabled=&#8221;off&#8221; button_two_border_width__hover_enabled=&#8221;off&#8221; button_one_border_color__hover_enabled=&#8221;off&#8221; button_two_border_color__hover_enabled=&#8221;off&#8221; button_one_border_radius__hover_enabled=&#8221;on&#8221; button_one_border_radius__hover=&#8221;100px&#8221; button_two_border_radius__hover_enabled=&#8221;on&#8221; button_two_border_radius__hover=&#8221;100px&#8221; button_one_letter_spacing__hover_enabled=&#8221;off&#8221; button_two_letter_spacing__hover_enabled=&#8221;off&#8221; button_one_bg_color__hover_enabled=&#8221;on&#8221; button_one_bg_color__hover=&#8221;#ff8a70&#8243; button_two_bg_color__hover_enabled=&#8221;on&#8221; button_two_bg_color__hover=&#8221;#ff8a70&#8243;][\/et_pb_fullwidth_header][\/et_pb_section][et_pb_section fb_built=&#8221;1&#8243; admin_label=&#8221;Admissions&#8221; _builder_version=&#8221;4.16&#8243; use_background_color_gradient=&#8221;on&#8221; background_color_gradient_stops=&#8221;#ffffff 0%|#e3e3e8 100%&#8221; background_color_gradient_start=&#8221;#ffffff&#8221; background_color_gradient_end=&#8221;#e3e3e8&#8243; background_image=&#8221;https:\/\/os-dlermana-brestovac.skole.hr\/wp-content\/uploads\/sites\/774\/2023\/11\/shapes-bg-1.png&#8221; parallax=&#8221;on&#8221; custom_padding=&#8221;12px|||||&#8221; global_colors_info=&#8221;{}&#8221;][et_pb_row _builder_version=&#8221;4.23.1&#8243; _module_preset=&#8221;default&#8221; global_colors_info=&#8221;{}&#8221;][et_pb_column type=&#8221;4_4&#8243; _builder_version=&#8221;4.23.1&#8243; _module_preset=&#8221;default&#8221; global_colors_info=&#8221;{}&#8221;][et_pb_text _builder_version=&#8221;4.23.1&#8243; _module_preset=&#8221;default&#8221; global_colors_info=&#8221;{}&#8221;]<\/p>\n<h3><span style=\"color: #0000ff\"><strong>Pedagog<\/strong><\/span><\/h3>\n<p><span><\/span><\/p>\n<p style=\"text-align: justify\">Djelatnost pedagoga kao \u010dlana stru\u010dne slu\u017ebe \u0161kole usmjerena je na unaprje\u0111enje svih sastavnica odgojno-obrazovnog rada \u0161kole. Pedagog radi s u\u010diteljima, nastavnicima, u\u010denicima i roditeljima. Osim toga sura\u0111uje s ravnateljem \u0161kole i stru\u010dnjacima koji rade u drugim institucijama, a povezane su sa \u0161kolom (lije\u010dnici \u0161kolske medicine, klini\u010dki psiholozi, psihijatri, socijalni radnici i dr.).<\/p>\n<p style=\"text-align: justify\">S razrednicima prati i analizira napredovanje i pona\u0161anje u\u010denika.\u00a0 Pedagog brine o uzrocima, posljedicama i prevladavanju \u0161kolskog neuspjeha i dugotrajnih izostanaka iz \u0161kole. Bavi se pedago\u0161kom dijagnostikom i savjetovanjem u\u010denika koji imaju osobne probleme, pote\u0161ko\u0107e u u\u010denju i pona\u0161anju te savjetovanja roditelja o komunikaciji i odgoju djece.<\/p>\n<p style=\"text-align: justify\">U radu s u\u010diteljima i nastavnicima pedagog ima ulogu kriti\u010dkog prijatelja koja obuhva\u0107a pru\u017eanje povratnih informacija o planiranju, izvedbi i uspje\u0161nosti nastave te kvaliteti razredno-nastavnog ozra\u010dja. Osim toga, poti\u010de ih na kori\u0161tenje metoda koje u\u010denje \u010dine zabavnim, pou\u010dnim, smislenim i povezanim sa stvarnim \u017eivotom; ukazuje kako provjere znanja u\u010diniti raznovrsnima, a ocjenjivanje jasnim, pravednim i s manje stresa. Svaki u\u010denik treba razumjeti za\u0161to je dobio upravo tu ocjenu i ako nije zadovoljan, kako mo\u017ee postati uspje\u0161niji.<\/p>\n<p>Pedagoginja u na\u0161oj \u0161koli je Ivanka \u0110urinovi\u0107, magistra pedagogije.<\/p>\n<p style=\"text-align: justify\">\n<p>[\/et_pb_text][et_pb_text _builder_version=&#8221;4.23.1&#8243; _module_preset=&#8221;default&#8221; custom_padding=&#8221;||3px|||&#8221; locked=&#8221;off&#8221; global_colors_info=&#8221;{}&#8221;]<\/p>\n<h3 style=\"text-align: justify\"><span style=\"color: #ff0000\"><strong>Socijalni pedagog<\/strong><\/span><\/h3>\n<p style=\"text-align: justify\">\n<p style=\"text-align: justify\"><strong>Socijalni pedagozi<\/strong><span> osobe su koje pru\u017eaju potporu djeci, mladima i odraslima u njihovom psihosocijalnom funkcioniranju, kao i socijalnoj integraciji. Ljudi su kompleksna bi\u0107a i pona\u0161anja su im nerijetko obilje\u017eena blagim odstupanjima, od blagih smetnji do ozbiljnog kr\u0161enja nekih dru\u0161tvenih normi koje mogu utjecati na socijalnu integraciju. <\/span>Tako\u0111er, sura\u0111uje s roditeljima, u\u010diteljima ili drugim odgajateljima.<\/p>\n<p style=\"text-align: justify\">Socijalna pedagoginja u na\u0161oj \u0161koli je Vesna Valenti\u0107 Bera\u010d, magistra socijalne pedagogije.<\/p>\n<p>[\/et_pb_text][et_pb_text _builder_version=&#8221;4.23.1&#8243; _module_preset=&#8221;default&#8221; locked=&#8221;off&#8221; global_colors_info=&#8221;{}&#8221;][\/et_pb_text][\/et_pb_column][\/et_pb_row][\/et_pb_section]<\/p>\n","protected":false},"excerpt":{"rendered":"<p>Pedagog Djelatnost pedagoga kao \u010dlana stru\u010dne slu\u017ebe \u0161kole usmjerena je na unaprje\u0111enje svih sastavnica odgojno-obrazovnog rada \u0161kole. Pedagog radi s u\u010diteljima, nastavnicima, u\u010denicima i roditeljima. Osim toga sura\u0111uje s ravnateljem \u0161kole i stru\u010dnjacima koji rade u drugim institucijama, a povezane su sa \u0161kolom (lije\u010dnici \u0161kolske medicine, klini\u010dki psiholozi, psihijatri, socijalni radnici i dr.). S razrednicima [&hellip;]<\/p>\n","protected":false},"author":0,"featured_media":0,"parent":0,"menu_order":0,"comment_status":"closed","ping_status":"closed","template":"","meta":{"_et_pb_use_builder":"on","_et_pb_old_content":"","_et_gb_content_width":"","footnotes":""},"_links":{"self":[{"href":"https:\/\/os-dlermana-brestovac.skole.hr\/index.php?rest_route=\/wp\/v2\/pages\/68"}],"collection":[{"href":"https:\/\/os-dlermana-brestovac.skole.hr\/index.php?rest_route=\/wp\/v2\/pages"}],"about":[{"href":"https:\/\/os-dlermana-brestovac.skole.hr\/index.php?rest_route=\/wp\/v2\/types\/page"}],"replies":[{"embeddable":true,"href":"https:\/\/os-dlermana-brestovac.skole.hr\/index.php?rest_route=%2Fwp%2Fv2%2Fcomments&post=68"}],"version-history":[{"count":2,"href":"https:\/\/os-dlermana-brestovac.skole.hr\/index.php?rest_route=\/wp\/v2\/pages\/68\/revisions"}],"predecessor-version":[{"id":294159,"href":"https:\/\/os-dlermana-brestovac.skole.hr\/index.php?rest_route=\/wp\/v2\/pages\/68\/revisions\/294159"}],"wp:attachment":[{"href":"https:\/\/os-dlermana-brestovac.skole.hr\/index.php?rest_route=%2Fwp%2Fv2%2Fmedia&parent=68"}],"curies":[{"name":"wp","href":"https:\/\/api.w.org\/{rel}","templated":true}]}}